6050131 a composite number?
False
Is 538757 composite?
True
Is 48379 composite?
True
Is 24741703 a composite number?
True
Is 65012537 a composite number?
False
Is 694665641 composite?
True
Is 2574665 a composite number?
True
Is 81527263 composite?
False
Is 17360191 prime?
False
Is 168453073 composite?
False
Is 2227739 prime?
True
Is 3115727 a prime number?
True
Is 6480821 prime?
False
Is 89082893 prime?
True
Is 47491777 composite?
True
Is 67250497 composite?
True
Is 18716111 a prime number?
True
Is 1823863 a prime number?
True
Is 255377159 a prime number?
False
Is 25596595 prime?
False
Is 5989241 a composite number?
False
Is 173111007 prime?
False
Is 71124938 composite?
True
Is 9961867 a composite number?
False
Is 82310519 prime?
False
Is 4414186055 a composite number?
True
Is 1437607 a composite number?
False
Is 129700723 composite?
True
Is 933437 prime?
False
Is 9366881 composite?
True
Is 131768323 composite?
False
Is 25026103 prime?
True
Is 163331 prime?
False
Is 244123 prime?
False
Is 42298523 a composite number?
True
Is 265240697 a prime number?
False
Is 918733 a prime number?
True
Is 17954537 a prime number?
True
Is 7888741 a composite number?
True
Is 362693 composite?
False
Is 536154841 composite?
False
Is 364820737 composite?
False
Is 45044803 composite?
False
Is 2547743 composite?
True
Is 46626187 prime?
False
Is 6860317 composite?
False
Is 62851331 a composite number?
True
Is 199929491 a prime number?
False
Is 5020523 a composite number?
True
Is 3292753 prime?
True
Is 279010859 composite?
False
Is 12518731 prime?
True
Is 43334831 a prime number?
False
Is 299103209 a composite number?
True
Is 406221797 composite?
True
Is 129309217 a composite number?
False
Is 567569 composite?
False
Is 161258953 a prime number?
True
Is 59991433 composite?
True
Is 186320665 a composite number?
True
Is 45585223 prime?
True
Is 61433259 a prime number?
False
Is 104899523 a prime number?
True
Is 9947123 a prime number?
True
Is 1740421 a composite number?
False
Is 30918697 composite?
False
Is 20518511 a composite number?
True
Is 1002871 prime?
True
Is 6006697 a composite number?
False
Is 104290933 a composite number?
True
Is 1186879 a prime number?
True
Is 1790717 a composite number?
True
Is 7620371 a composite number?
True
Is 198847 prime?
False
Is 550499 a composite number?
True
Is 2645611 a composite number?
True
Is 27472847 a prime number?
True
Is 13620119 a prime number?
True
Is 181225247 composite?
True
Is 8860219 prime?
True
Is 98611901 composite?
False
Is 47621519 a prime number?
False
Is 11397833 prime?
True
Is 13139619 composite?
True
Is 28976359 prime?
False
Is 71005061 a prime number?
False
Is 31957997 a prime number?
True
Is 17091551 composite?
False
Is 791606 a prime number?
False
Is 13525261 prime?
True
Is 5669773 a composite number?
False
Is 779431 a composite number?
True
Is 190294261 a prime number?
True
Is 468722662 a composite number?
True
Is 1824029 a composite number?
True
Is 130078561 a prime number?
True
Is 70140617 composite?
False
Is 607675867 prime?
True
Is 3425921 composite?
False
Is 238759 prime?
True
Is 230146561 a composite number?
True
Is 1620322289 prime?
False
Is 3067121 prime?
True
Is 276816259 a prime number?
False
Is 45880339 a composite number?
False
Is 537527 a composite number?
False
Is 6370739 a composite number?
False
Is 28450153 prime?
True
Is 29809649 a prime number?
False
Is 568419 a composite number?
True
Is 54248393 a prime number?
False
Is 3084857 composite?
False
Is 538770065 a composite number?
True
Is 838019449 a composite number?
False
Is 44677041 composite?
True
Is 5052793 composite?
True
Is 61423 composite?
True
Is 26773837 a prime number?
True
Is 29565379 a prime number?
True
Is 41523899 a prime number?
False
Is 19134683 a prime number?
False
Is 83460458 a prime number?
False
Is 284295817 prime?
False
Is 9011159 composite?
False
Is 20245319 a composite number?
True
Is 18650253 a prime number?
False
Is 168030757 composite?
True
Is 5520377 a prime number?
True
Is 2878217 prime?
False
Is 1155097 composite?
False
Is 21436019 a prime number?
False
Is 3284371 prime?
True
Is 980158679 a composite number?
True
Is 1401601 prime?
True
Is 252981161 composite?
False
Is 22154291 prime?
True
Is 51714895 composite?
True
Is 17291389 a composite number?
True
Is 873295 composite?
True
Is 20929183 a composite number?
True
Is 113537 composite?
False
Is 41100133 prime?
True
Is 43825037 composite?
False
Is 1374473 prime?
True
Is 87774949 a composite number?
True
Is 57046123 a composite number?
False
Is 1545977 prime?
False
Is 7338601 a prime number?
False
Is 73574989 composite?
False
Is 96847 a composite number?
False
Is 196837233 a prime number?
False
Is 8189927 composite?
False
Is 21923049 a composite number?
True
Is 20085079 composite?
True
Is 10463749 a composite number?
True
Is 82204709 prime?
True
Is 497436221 prime?
True
Is 3931159 a prime number?
True
Is 27202111 a composite number?
False
Is 1566505 a prime number?
False
Is 44595433 prime?
False
Is 1719143 a prime number?
True
Is 23080049 prime?
True
Is 46938923 composite?
False
Is 3732587 a prime number?
True
Is 23756003 a composite number?
True
Is 19064933 prime?
True
Is 7359851 prime?
True
Is 1857197 composite?
False
Is 57322117 a composite number?
False
Is 4537723 composite?
False
Is 822919 prime?
False
Is 18400741 a composite number?
False
Is 159890789 composite?
False
Is 1383583 prime?
True
Is 73684901 prime?
False
Is 2524906 composite?
True
Is 6950113 a prime number?
False
Is 1576483 prime?
True
Is 182214217 a composite number?
False
Is 42136033 a composite number?
True
Is 6850681 a prime number?
True
Is 8265839 prime?
False
Is 124693 a composite number?
False
Is 445024139 composite?
True
Is 17809901 a composite number?
False
Is 59915561 a composite number?
False
Is 18603059 a composite number?
False
Is 77040101 a composite number?
False
Is 3442555 prime?
False
Is 3349579 prime?
True
Is 809539 prime?
False
Is 75426587 a prime number?
False
Is 61031569 a composite number?
False
Is 48127633 composite?
True
Is 1127120513 composite?
False
Is 148830893 composite?
False
Is 195058571 prime?
True
Is 3157211 a prime number?
False
Is 45125011 composite?
True
Is 128089527 prime?
False
Is 4168739 prime?
False
Is 5928869 a composite number?
True
Is 180514567 a composite number?
False
Is 5603621 composite?
True
Is 1398247 a composite number?
False
Is 895949 a composite number?
True
Is 17520011 prime?
False
Is 145586627 composite?
False
Is 283124977 prime?
True
Is 44879 a prime number?
True
Is 253487249 composite?
False
Is 7673983 prime?
False
Is 8508121 composite?
True
Is 81711698 prime?
False
Is 672557 a prime number?
True
Is 459106161 a prime number?
False
Is 809044835 prime?
False
Is 9580471 prime?
True
Is 6590783 prime?
True
Is 19390885 a composite number?
True
Is 9015821 a composite number?
False
Is 297881279 a composite number?
False
Is 14440379 a prime number?
True
Is 6622453 a prime number?
False
Is 288023 composite?
False
Is 74803793 a composite number?
True
Is 26608391 composite?
False
Is 430459 prime?
False
Is 4968737 a prime number?
False
Is 8870023 a prime number?
False
Is 591499 prime?
True
Is 17007307 a prime number?
False
Is 24746159 a composite number?
True
Is 130461259 composite?
True
Is 2942839 a composite number?
True
Is 180113951 a prime number?
True
Is 11630551 prime?
False
Is 15662923 a prime number?
True
Is 132962927 composite?
True
Is 783778279 composite?
True
Is 1045271 a prime number?
False
Is 681351763 prime?
True
Is 141651583 composite?
True
Is 4138763 composite?
True
Is 12866851 composite?
False
Is 78992467 composite?
False
Is 26590267 composite?
True
Is 252529 a composite number?
True
Is 10713511 prime?
False
Is 71709277 composite?
False
Is 79560091 prime?
False
Is 4464701 a prime number?
False
Is 42470347 prime?
True
Is 4537583 composite?
True
Is 4641557 composite?
False
Is 127105717 a composite number?
False
Is 240316957 a prime number?
True
Is 3161129 a prime number?
True
Is 19499827 prime?
True
Is 608479 composite?
True
Is 20060363 composite?
False
Is 44101649 a prime number?
False
Is 1302313111 a composite number?
True
Is 286717 composite?
True
Is 14075785 a composite number?
True
Is 187751 a composite number?
False
Is 78494569 compo